 31*x - 5. Let w(s) = 108*s - 18. Let g(b) = -18*u(b) + 5*w(b). What is the tens digit of g(-2)?
3
What is the units digit of (-2 - 1)*(-464)/12?
6
Suppose 2*x - x = 0. Suppose x = -2*g + 4 + 2. Suppose 0 = s + 2*s - g. What is the units digit of s?
1
Suppose -6*d + 40 = -2*d. Let n = 8 + d. What is the units digit of n?
8
Let v(w) = -2*w**3 - w**2 + 15*w + 19. What is the tens digit of v(-6)?
2
Suppose -3*j - 20 + 1 = p, -2*j = -p - 44. Let k = p - -19. Let q = k - -31. What is the tens digit of q?
1
Suppose -r = r - 12. Suppose -b - r = -4*b. Suppose -b*g = g - 12. What is the units digit of g?
4
Suppose 0*y - 148 = -4*y - 3*z, z = -5*y + 174. What is the units digit of y?
4
Suppose 0 = -12*o + 7*o + 20. Suppose -2*z = w + o*w - 36, -2*w + 40 = 4*z. What is the units digit of z?
8
Let t be 12/(-1 + 4 + -4). Let o = 25 + t. What is the tens digit of o?
1
Let z(u) = -15*u + 15. What is the tens digit of z(-4)?
7
Suppose -535 = -3*v + 218. What is the tens digit of v?
5
Let y(f) = -2*f**2 - 3*f - 6. Let t(d) = d**2 + d + 1. Let u(n) = 3*t(n) + y(n). What is the units digit of u(3)?
6
Let x(y) = -10*y + 2. What is the units digit of x(-3)?
2
Let x(d) = -13*d - 47. What is the tens digit of x(-16)?
6
Let z be (-2 - 1)*(-4)/(-6). Let t(f) = -f**3 - 2*f**2 - 2. Let w be t(-3). What is the units digit of w/4 - z/8?
2
Let m(z) = z**2 - 5*z + 6. Let g be m(4). Suppose p - g + 1 = 0. What is the units digit of 3 - (-4 + 0 + p)?
6
Let y be ((-13)/26)/((-2)/12). Let o(i) = 3 + i**2 - 2*i - 4 + 3*i. What is the tens digit of o(y)?
1
Let t = 16 - -17. Suppose 4*s + p = 3 + t, -s + 4*p - 8 = 0. What is the units digit of s?
8
Let i be (-125 - (-2)/2) + 2. Let k = -86 - i. What is the tens digit of k?
3
Let m(h) = -5*h + 41. What is the hundreds digit of m(-17)?
1
Suppose 0 = -2*y - 4, 5*y - 65 = -3*f. Suppose 0*h + 5*h + 21 = t, -h - f = -t. Suppose 3*a - 2*k - t = -0*k, 0 = -5*a + 3*k + 42. What is the units digit of a?
6
Suppose -4*j + 4*v = 24, 0 = -3*j + 2*v - 3*v - 6. Let l = -1 - j. Suppose 25 = 4*x + l*b - 23, 0 = 4*x + 3*b - 52. What is the units digit of x?
0
Let o be (-3)/(-2*6/8). Suppose m + 7 = -o*j, -2*m = -2*j + j + 24. Let i = -3 - m. What is the units digit of i?
8
Suppose 10 = -x - 2*j, 19 = 3*x - 4*j - 1. Suppose -3*q - 4 - 2 = x. What is the units digit of q/((-2)/8*1)?
8
Suppose -3*p = -0*p + 5*y - 95, -3*p + 4*y + 86 = 0. What is the tens digit of p?
3
Suppose 0 = -5*i + 20 - 5, 0 = -n - 3*i + 21. Suppose n = -r + 21. What is the units digit of r?
9
Let f(t) = -t + 10. Let d be f(-8). Suppose 6 + d = 3*p. What is the units digit of p + -1 + -1 + 0?
6
What is the tens digit of (-6)/(-4)*(0 + 590/15)?
5
Suppose -x = 2*i + 18, -5*x - 2*i - 34 = 24. Let z = x + 17. Suppose 12 = z*b - 3*b. What is the units digit of b?
3
What is the hundreds digit of 2/(-8) + (-3505)/(-80)*4?
1
Let c(h) = h**2 + 0*h**2 - 3*h + 1 - 3 - 2*h. Let d be c(6). Suppose 2*i = 3*i - d. What is the units digit of i?
4
What is the units digit of 63 + (4/(-1) - -1)?
0
Let q(x) = -x**2 + 14*x + 15. Let i be q(12). Suppose -4*y + 99 = i. What is the units digit of y?
5
Let z be ((-7)/(7/12))/(-2). Let n = z + 4. What is the tens digit of n?
1
Let m(q) = 9*q - 1. Let k(n) = -n**2 - 6*n + 8. Let z be k(-7). Let w be m(z). What is the units digit of (-3)/(-3)*1 + w?
9
Let s(v) = -v**2 - 1. Let n(u) = u. Let k(p) = n(p) - s(p). Let r be k(-2). What is the units digit of (3/r)/(-1)*-9?
9
Suppose 2*j + 4 = 3*r, -3*j = -5*j + 5*r - 8. Let p be j - -1*(-2 + 4). Suppose 3*q = -2*b - 0*b + 7, -p = -3*q. What is the units digit of b?
2
Let p be (-195 - 0)*(-8)/(-6). What is the units digit of (-4)/14 - p/28?
9
Suppose 2*t + 1 = -l, 2*t = 4*l - 2 - 4. Suppose 12 = -3*c + 12. What is the units digit of 3 + c + t + 3?
5
Let v be 1/6 - (-23)/6. Suppose v*t - 3*j - 132 = -25, 4*j + 133 = 5*t. What is the units digit of t?
9
Suppose -2*c + 140 = 3*c. What is the units digit of c?
8
Let t(d) be the second derivative of -d**5/20 + d**4/12 + d**2 + 2*d. Let p be t(2). Let u = 1 - p. What is the units digit of u?
3
Suppose -1441 = -4*c + 3*x, 3*c + c + 5*x = 1417. What is the hundreds digit of c?
3
Let t(m) = 2*m**3 - 3*m**2 - m + 2. Let s be t(2). Suppose 5 + 10 = 5*f, -6 = -s*a + 2*f. What is the units digit of a?
3
Let y(f) = -1. Let x(d) = d + 14. Let t(s) = x(s) + 6*y(s). What is the tens digit of t(9)?
1
Suppose -3*l - 7 = -4. What is the tens digit of (68/16)/(l/(-4))?
1
Suppose 0 = -2*o + 3*k + 218, -2*k + 6*k = 3*o - 329. What is the tens digit of o?
1
Let r(c) = -2*c + 1. Let g be r(-1). Let y = g + -1. What is the units digit of y?
2
Let l(k) = k**3 + 7*k**2 - 1. What is the units digit of l(-6)?
5
Let z = -18 - -15. What is the units digit of 5*(z - 64/(-10))?
7
Let u = 74 - -5. Suppose -4*i - 45 = u. Let v = -16 - i. What is the tens digit of v?
1
Let j(d) = -d - 10. Let u be j(-7). Let s = 8 + u. What is the units digit of s?
5
Let a = -153 + 261. What is the tens digit of (10/6)/(9/a)?
2
Suppose -3*p + 5*b + 194 = 0, -3*b - 128 = -2*p + b. What is the tens digit of p?
6
Let k(t) = t**3 - 6*t**2 + 5*t - 22. What is the units digit of k(7)?
2
Let v(p) = -p**3 - 4*p**2 - 2*p - 3. Let o be v(-4). Suppose 38 = o*y - 3*y. What is the units digit of y?
9
Suppose -5*c + c + 128 = 2*m, 0 = -4*c + 3*m + 118. Suppose -5*t = -91 + c. What is the units digit of t?
2
Suppose -3*h - 32 = -3*s + 16, 0 = 2*s + 2. Let n = -11 - h. What is the units digit of n?
6
Let d be (-24)/(-9) + 2/(-3). Let c(x) = d*x - 4*x + 7 + 3*x. What is the units digit of c(0)?
7
Let s = 16 + -6. Let y(i) = i**3 - 11*i**2 + 12*i + 13. What is the tens digit of y(s)?
3
Let n(f) be the second derivative of f**3 - 4*f. Suppose v + z = -2*v + 8, -v + 21 = 4*z. What is the units digit of n(v)?
6
What is the units digit of 1/7 + 2445/35?
0
Suppose -x - 3 = -4. What is the units digit of -1 + 1*(x - -9)?
9
Suppose -1 + 6 = -f. Let s = -3 - f. Suppose -4 = -3*q - 4*d, -5*d = s*q + 3*q - 15. What is the units digit of q?
8
Let o(g) = -14*g**3 - g**2. What is the units digit of o(-1)?
3
Let u(w) = -2*w**3 - 9*w**2 + 7*w - 1. Let o be u(-7). Suppose -n = 4*y - 99 - 100, o = 4*y + 5*n. What is the units digit of y?
0
Let t(p) = -10*p**3 - 3*p**2 - 2*p - 3. What is the units digit of t(-2)?
9
Let p(f) = -f**3 - 8*f**2 - 6*f - 13. What is the tens digit of p(-10)?
4
Let w be (-5)/(-1) + -7 + 5. Let c = 0 + w. Let l = c + 2. What is the units digit of l?
5
Suppose -2*n - 2*w + 49 = -83, 0 = w - 3. Let b = -28 + n. What is the tens digit of b?
3
Let t be 10/(-7)*35/(-10). Suppose -54 - 61 = -t*k. What is the tens digit of k?
2
What is the tens digit of 1806/15 - 3/(-5)?
2
Suppose 23 - 2 = 3*y. Suppose 0 = y*m - 2*m. What is the units digit of m + 0 - (4 - 21)?
7
What is the tens digit of ((-4)/4 + 128)/1?
2
Suppose o + 80 = l + l, -4*l - 4*o + 148 = 0. What is the tens digit of (0 + 1 - 3) + l?
3
Let r(z) = z**2 + 10*z - 2. Let y be r(-9). Let w(l) = -2*l - 16. What is the units digit of w(y)?
6
Let i = 6 - 1. Suppose 3*f = d + 6 - 0, 0 = -i*f - d + 18. Let q = f - 2. What is the units digit of q?
1
Suppose 0 = -2*t + l + 129 - 53, 0 = -3*t + 5*l + 128. What is the tens digit of t?
3
Let m(f) = 12*f - 33. What is the units digit of m(10)?
7
Suppose 0*g + g = 6. Let m(f) = f**3 - 5*f**2 - 5*f - 7. Let x be m(g). What is the units digit of (x + 0)*35/(-7)?
5
Let g(n) = n**2 + 8*n - 8. Let p be g(-8). Let a(r) = r**2 - 8*r + 7. Let t(f) = f**2 - f - 1. Let x(b) = -a(b) + 2*t(b). What is the units digit of x(p)?
7
Suppose -4*i + 549 = p + 42, -3*i = -4*p - 404. What is the hundreds digit of i?
1
Let w be (0 - -1)/((-1)/(-5)). Suppose 2*k - 1 = -3*h - 9, 5*k = -4*h - 20. Let c = k + w. What is the units digit of c?
1
Let h(z) be the third derivative of z**6/120 - 2*z**5/15 + z**4/6 - 4*z**3/3 - 3*z**2. What is the units digit of h(8)?
4
Let q = 34 + -29. What is the units digit of q?
5
Suppose -4*b + 125 = 5*r, 70 = 3*b - b + 4*r. What is the units digit of b?
5
Let d = 51 - -23. What is the tens digit of d?
7
What is the units digit of 6/14 + (-296)/(-84)*3?
1
Let a(h) be the third derivative of h**4/24 - h**3 + 2*h**2. Let p be a(5). What is the units digit of ((-10)/(-4))/(p/(-2))?
5
Suppose 2*p + 5*s = 95, 16 = p + 4*s - 27. Wha